 (base 9) in base 12?
2b02
What is 42341 (base 5) in base 3?
10220102
1391 (base 16) to base 14
1b7b
Convert -20515 (base 8) to base 13.
-3b5a
What is 2221 (base 7) in base 4?
30133
-9c (base 15) to base 6
-403
Convert -101 (base 12) to base 5.
-1040
Convert -b1b (base 15) to base 2.
-100111000101
Convert 203 (base 9) to base 6.
433
Convert 208 (base 9) to base 7.
332
Convert -491 (base 12) to base 5.
-10220
What is -103505 (base 6) in base 11?
-6517
-11022020 (base 3) to base 8
-6102
Convert -20011021 (base 3) to base 12.
-2721
30022 (base 4) to base 7
2161
What is -2251 (base 6) in base 8?
-1027
Convert 26366 (base 7) to base 15.
2155
-21133213 (base 4) to base 13
-14914
-10010011000000 (base 2) to base 5
-300113
What is 638 (base 9) in base 14?
293
Convert -201163 (base 7) to base 8.
-102403
-7d (base 16) to base 3
-11122
Convert -19a (base 16) to base 11.
-343
What is 1000000100 (base 2) in base 8?
1004
Convert 221301 (base 6) to base 4.
10200211
43a (base 14) to base 6
3512
What is -422131 (base 5) in base 14?
-518d
What is -30521 (base 8) in base 5?
-401000
Convert -2012131 (base 4) to base 7.
-34042
Convert 1634 (base 8) to base 5.
12144
4772 (base 12) to base 14
2cbc
Convert 4343 (base 6) to base 2.
1111100111
What is 709 (base 15) in base 14?
812
What is 32221 (base 6) in base 7?
15562
What is -323221 (base 4) in base 5?
-110232
Convert 1503 (base 7) to base 11.
498
Convert 110100010 (base 2) to base 9.
514
Convert 646 (base 10) to base 14.
342
Convert 54212 (base 7) to base 9.
20442
Convert -10010011001 (base 2) to base 15.
-537
Convert 101435 (base 6) to base 3.
102012012
What is -11401 (base 5) in base 6?
-3535
What is -1917 (base 15) in base 5?
-133142
6124 (base 9) to base 5
120402
What is -96b (base 12) in base 16?
-563
What is -32020 (base 6) in base 16?
-10ec
What is -1013321 (base 4) in base 5?
-121401
Convert 2011200 (base 4) to base 14.
3184
What is 132110 (base 4) in base 5?
30230
6262 (base 14) to base 13
7933
Convert -1843 (base 11) to base 12.
-1436
-25005 (base 6) to base 16
-e5d
What is -1217 (base 10) in base 11?
-a07
Convert 2098 (base 11) to base 9.
3716
-1144 (base 6) to base 4
-10120
What is -120210 (base 3) in base 16?
-1aa
-1c7 (base 15) to base 3
-120021
-4944 (base 10) to base 14
-1b32
What is 2154 (base 15) in base 7?
26365
Convert 20000020 (base 3) to base 13.
1cbc
-5020 (base 11) to base 4
-1220111
101011001010111 (base 2) to base 16
5657
What is a7a (base 12) in base 10?
1534
-1011110001001 (base 2) to base 3
-22021011
-10000000 (base 2) to base 4
-2000
What is b9e (base 15) in base 6?
20052
Convert -14536 (base 9) to base 8.
-23273
What is -580 (base 12) in base 7?
-2244
Convert 233201 (base 4) to base 16.
be1
What is -171 (base 11) in base 16?
-c7
Convert 1a79 (base 12) to base 7.
12336
Convert 31a8 (base 13) to base 7.
26053
What is 1375 (base 16) in base 5?
124411
Convert -2696 (base 13) to base 9.
-7525
Convert -1200 (base 7) to base 16.
-1b9
Convert 1b0 (base 13) to base 15.
15c
472 (base 10) to base 12
334
7065 (base 12) to base 3
121200212
What is -468 (base 16) in base 11?
-936
1321430 (base 5) to base 15
7cb0
What is 35332 (base 6) in base 13?
2420
-1010212 (base 6) to base 12
-23968
What is 200220002 (base 3) in base 11?
a390
Convert -1340 (base 8) to base 7.
-2101
What is -29c (base 14) in base 15?
-255
What is 359 (base 14) in base 10?
667
What is 319 (base 11) in base 7?
1055
What is c313 (base 13) in base 9?
40784
What is -1000011011 (base 2) in base 9?
-658
What is -2133221 (base 4) in base 14?
-3a1b
1330 (base 4) to base 14
8c
What is 6d1b (base 15) in base 9?
34738
Convert 12222220 (base 4) to base 2.
110101010101000
-11202122 (base 3) to base 13
-1772
Convert 721 (base 15) to base 7.
4453
-1323 (base 8) to base 6
-3203
Convert 111721 (base 9) to base 2.
10000010101101101
-16a (base 15) to base 6
-1301
What is 4676 (base 8) in base 3?
10102101
27a (base 12) to base 16
17e
-10520 (base 6) to base 14
-784
Convert -52243 (base 6) to base 8.
-15543
1217 (base 13) to base 6
15455
What is -1102222 (base 3) in base 7?
-3032
-10100001001 (base 2) to base 4
-110021
2042443 (base 5) to base 2
1000010101001011
4845 (base 9) to base 4
320111
Convert 36214 (base 8) to base 13.
7094
Convert -1145 (base 6) to base 9.
-342
Convert 1001001110 (base 2) to base 8.
1116
-13420 (base 8) to base 15
-1b39
719b (base 13) to base 6
200324
Convert -221 (base 4) to base 13.
-32
What is -10212 (base 4) in base 3?
-101220
What is 45 (base 8) in base 16?
25
Convert -3266 (base 7) to base 10.
-1175
Convert -2337 (base 9) to base 11.
-1338
Convert -120 (base 8) to base 10.
-80
-2050 (base 7) to base 4
-23101
What is 1587 (base 11) in base 10?
2031
What is 7085 (base 11) in base 9?
13815
b11 (base 12) to base 3
2012011
What is 65c (base 13) in base 10?
1091
1400 (base 10) to base 8
2570
-16b2 (base 13) to base 4
-310130
35055 (base 6) to base 4
1032023
What is 100350 (base 9) in base 10?
59337
Convert 1c085 (base 13) to base 8.
153372
Convert -2221002201 (base 3) to base 15.
-12144
Convert 414001 (base 5) to base 15.
4086
What is 12214 (base 5) in base 11?
77a
What is 1712 (base 13) in base 5?
102040
What is -a1db (base 16) in base 7?
-231542
Convert -285a (base 13) to base 8.
-13275
2012 (base 3) to base 7
113
Convert 235115 (base 6) to base 11.
144a8
13523 (base 11) to base 5
1104024
What is 802 (base 9) in base 14?
346
-88343 (base 9) to base 7
-332565
What is aeca (base 15) in base 16?
90e2
-d4 (base 16) to base 6
-552
What is -147 (base 8) in base 11?
-94
What is d5b (base 14) in base 7?
10444
What is -372 (base 13) in base 5?
-4400
-1799 (base 13) to base 9
-4725
Convert 524 (base 6) to base 3.
21021
-c39 (base 14) to base 12
-1483
2a2 (base 16) to base 15
2ee
1000001011 (base 2) to base 12
377
23e6 (base 16) to base 12
539a
15587 (base 10) to base 15
4942
What is 41d (base 14) in base 3?
1010001
37b28 (base 12) to base 7
434225
2314 (base 15) to base 4
1310110
What is 1511a (base 11) in base 3?
1002102000
Convert -201 (base 7) to base 8.
-143
-1133 (base 8) to base 12
-423
What is -1023 (base 5) in base 14?
-9c
c71 (base 16) to base 11
2436
-561 (base 13) to base 10
-924
Convert -12022 (base 4) to base 10.
-394
Convert -1231010 (base 5) to base 9.
-35673
Convert c39 (base 14) to base 6.
15043
Convert 12a9 (base 12) to base 6.
13533
1d84 (base 14) to base 8
12440
-101001010111 (base 2) to base 12
-1647
Convert -12400 (base 5) to base 11.
-807
What is -304010 (base 5) in base 12?
-5874
Convert -228 (base 10) to base 12.
-170
2001 (base 9) to base 2
10110110011
Convert -10200112011 (base 3) to base 4.
-101231221
What is -151e (base 15) in base 8?
-10661
What is -205431 (base 6) in base 3?
-212001001
Convert -1101010011100 (base 2) to base 13.
-3140
What is -295 (base 13) in base 14?
-24c
What is -110000101101 (base 2) in base 3?
-11021110
-18 (base 12) to base 9
-22
Convert 12044 (base 7) to base 14.
11cb
-3023 (base 9) to base 4
-202200
-555 (base 7) to base 11
-23a
-10000001011 (base 2) to base 8
-2013
Convert -21141 (base 7) to base 16.
-1467
Convert 10011000000 (base 2) to base 14.
62c
Convert -100202 (base 6) to base 15.
-24d5
Convert -31030 (base 5) to base 4.
-133133
-32123 (base 6) to base 12
-2643
What is -17586 (base 13) in base 12?
-21b93
What is -57405 (base 8) in base 12?
-120b1
21b34 (base 12) to base 6
543304
Convert 123110 (base 4) to base 2.
11011010100
Convert -42446 (base 7) to base 16.
-2918
Convert -2084 (base 11) to base 5.
-42004
Convert -110 (base 7) to base 11.
-51
Convert 455112 (base 6) to base 14.
1016c
Convert 1111111 (base 2) to base 16.
7f
ca26 (base 15) to base 9
64620
-1012200210 (base 3) to base 13
-ab06
220101121 (base 3) to base 10
17782
Convert 2434 (base 11) to base 12.
1a13
Convert 27164 (base 9) to base 7.
104353
Convert -22210120 (base 3) to base 4.
-1210032
What is -225403 (base 6) in base 4?
-10232223
-969 (base 14) to base 7
-5262
What is 3140 (base 10) in base 8?
6104
Convert 2145 (base 12) to base 9.
5008
What is 3451 (base 7) in base 2?
10011101101
What is 1ac (base 16) in base 8?
654
Convert 100211301 (base 4) to base 11.
47066
What is 220011 (base 3) in base 4?
22030
-1011110111000 (base 2) to base 7
-23463
13981 (base 10) to base 8
33235
6391 (base 11) to base 1